of 25590 and 1610?
10
Calculate the highest common factor of 118 and 6807937784.
118
What is the greatest common factor of 7028071 and 163?
163
What is the greatest common divisor of 4119374 and 203?
7
Calculate the greatest common divisor of 669 and 26954233.
223
What is the greatest common divisor of 47996 and 350882?
142
Calculate the greatest common divisor of 1766189 and 1143.
127
Calculate the greatest common factor of 22368080 and 2744.
56
Calculate the greatest common factor of 38880 and 1489920.
480
What is the highest common divisor of 50 and 305036650?
50
Calculate the greatest common factor of 1716 and 2896476.
132
Calculate the greatest common factor of 20075 and 593.
1
Calculate the highest common divisor of 5440 and 1002864.
272
What is the greatest common factor of 108 and 9277404?
12
What is the greatest common divisor of 7596864 and 363968?
7744
What is the highest common divisor of 1092 and 5121298?
182
Calculate the highest common factor of 47290 and 15420.
10
Calculate the highest common divisor of 123593525 and 1975.
1975
What is the highest common divisor of 1540 and 1019401460?
1540
Calculate the greatest common divisor of 495648545 and 111160.
13895
What is the highest common factor of 54145 and 1095395?
4165
What is the highest common divisor of 488957 and 700?
7
Calculate the greatest common factor of 399651714 and 42.
42
Calculate the highest common divisor of 5793612 and 6578.
22
What is the greatest common divisor of 140401435 and 4260?
355
Calculate the greatest common divisor of 185 and 867211735.
185
Calculate the highest common divisor of 268730 and 49511.
77
Calculate the greatest common divisor of 37877527 and 23.
23
Calculate the greatest common divisor of 1434519 and 27873.
171
What is the highest common factor of 6061 and 660303523?
6061
Calculate the highest common factor of 68893593 and 222.
111
Calculate the greatest common divisor of 433764 and 8676.
36
What is the greatest common divisor of 1698255 and 30420?
585
Calculate the greatest common divisor of 1607897 and 615.
41
What is the highest common factor of 22 and 65832877?
11
Calculate the highest common divisor of 72344890 and 3910.
230
Calculate the greatest common factor of 101436 and 9432.
12
Calculate the highest common divisor of 37297 and 435955.
247
Calculate the highest common factor of 558625 and 236857.
4469
Calculate the highest common factor of 5082 and 433343834.
1694
Calculate the greatest common divisor of 672 and 724426752.
672
Calculate the greatest common divisor of 1515848660 and 40.
20
What is the highest common divisor of 124862400 and 217500?
8700
What is the greatest common divisor of 16877 and 47489467?
2411
Calculate the highest common divisor of 589 and 23294144.
31
What is the greatest common divisor of 42102 and 69624?
18
Calculate the greatest common divisor of 4031876 and 12.
4
Calculate the highest common divisor of 48 and 500139624.
24
Calculate the highest common factor of 1471635 and 528.
33
What is the highest common factor of 1237150 and 55900?
50
What is the greatest common divisor of 50085208 and 921?
307
What is the highest common divisor of 25805885 and 253?
23
What is the greatest common factor of 1635208 and 7544?
184
What is the greatest common divisor of 83 and 3279?
1
What is the greatest common divisor of 10723339 and 407?
11
Calculate the highest common factor of 4563 and 3479814.
351
What is the highest common factor of 519297704 and 1416?
472
Calculate the highest common factor of 27612864 and 7680.
192
Calculate the highest common factor of 2340 and 16876.
4
What is the highest common factor of 9049162 and 43738?
2302
What is the highest common factor of 168752 and 21492?
796
Calculate the highest common divisor of 48363590 and 7018.
638
Calculate the highest common factor of 13811049 and 63.
63
Calculate the highest common divisor of 775699 and 526105.
2447
Calculate the highest common divisor of 256832 and 1215939.
4013
Calculate the greatest common factor of 729 and 72.
9
Calculate the highest common divisor of 1099588 and 140476.
4844
What is the highest common factor of 121754 and 210039974?
7162
What is the greatest common factor of 81935984 and 3139?
43
Calculate the highest common divisor of 50409128 and 418.
418
What is the highest common factor of 390 and 18770910?
30
What is the greatest common factor of 17841966 and 670?
134
Calculate the highest common divisor of 4193054 and 86886.
3218
Calculate the greatest common divisor of 2240 and 150893.
1
Calculate the greatest common divisor of 28785487 and 87.
29
Calculate the highest common divisor of 5624 and 3576161.
703
Calculate the greatest common divisor of 2268 and 1943424.
252
Calculate the greatest common factor of 2072 and 230056.
8
Calculate the greatest common divisor of 995420 and 44020.
1420
What is the greatest common divisor of 245 and 88370520?
245
What is the highest common divisor of 4888451 and 3071?
83
Calculate the greatest common factor of 1599600 and 17670.
930
What is the greatest common divisor of 9045 and 1167750?
135
Calculate the greatest common factor of 72 and 298698.
6
What is the greatest common divisor of 1516100 and 230?
10
Calculate the highest common factor of 7314756 and 99584.
1556
Calculate the highest common factor of 4097 and 60062020.
4097
Calculate the highest common divisor of 797504 and 204.
68
What is the highest common factor of 180 and 579815?
5
Calculate the highest common factor of 35131 and 588971.
43
Calculate the highest common factor of 65900 and 376.
4
Calculate the greatest common factor of 2702390192 and 16.
16
What is the highest common factor of 60313556 and 7484?
7484
What is the highest common factor of 2904 and 66300168?
264
What is the highest common factor of 6556197 and 456?
57
What is the greatest common divisor of 452780 and 2720?
20
Calculate the highest common divisor of 1685222 and 36146.
682
Calculate the greatest common factor of 100 and 21319975.
25
Calculate the highest common factor of 994906 and 3608.
902
Calculate the highest common factor of 2458565 and 268.
67
Calculate the greatest common factor of 956 and 82545581.
239
What is the highest common divisor of 1522880 and 110?
10
Calculate the greatest common divisor of 8724390 and 2768.
346
Calculate the highest common divisor of 4305097 and 5024.
157
Calculate the highest common divisor of 27456 and 5564988.
1716
What is the highest common divisor of 5002246 and 8856?
82
What is the greatest common factor of 168070 and 2728810?
490
What is the greatest common factor of 3699160 and 40?
40
Calculate the highest common factor of 68369952 and 96.
96
Calculate the highest common factor of 184 and 5725758.
46
Calculate the greatest common factor of 8864 and 673941.
277
Calculate the highest common factor of 40 and 145891864.
8
What is the highest common factor of 1018775496 and 48?
24
Calculate the highest common divisor of 463078 and 2574.
22
Calculate the greatest common divisor of 119 and 19554692.
17
What is the highest common factor of 21610798 and 10622?
226
What is the highest common factor of 214769665 and 110?
55
What is the highest common divisor of 1372 and 8292?
4
Calculate the greatest common factor of 9385 and 52520337.
1877
Calculate the greatest common factor of 124535489 and 68.
17
What is the greatest common divisor of 1368 and 2253609?
171
Calculate the greatest common divisor of 1178609622 and 2089.
2089
Calculate the highest common factor of 133 and 16305306.
19
Calculate the highest common factor of 2410184 and 260743.
1351
Calculate the greatest common divisor of 8316 and 135.
27
Calculate the highest common factor of 3505 and 8910.
5
Calculate the highest common divisor of 6258 and 722820.
42
What is the highest common divisor of 3067107 and 5553?
1851
What is the greatest common divisor of 144 and 43072272?
144
Calculate the highest common factor of 15669528 and 171.
57
Calculate the greatest common divisor of 20160 and 1612256.
32
Calculate the greatest common factor of 3640056 and 64.
8
What is the greatest common factor of 78837099 and 2090?
209
Calculate the greatest common factor of 138006 and 17872474.
1394
What is the greatest common divisor of 2404 and 131890051?
601
Calculate the 